 0. Let l(o) = 48*o**3 + o**2 - 2*o + 1. Let w be l(1). What is the highest common divisor of f and w?
6
Let m(r) = 3*r + 6. Suppose -z + 0*z = -4. Let i be m(z). Calculate the greatest common divisor of 12 and i.
6
Let h be (10 - (3 + 2))/(1/5). Let u = -15 + h. Let b = 32 + -22. Calculate the greatest common divisor of u and b.
10
Let q be 0/(1 - 0) - -3. Let i(h) = -h + 15. Let f be i(-9). Suppose 3*k - q*l - f = 0, 22 = 2*k - 0*l - 4*l. Calculate the highest common factor of 25 and k.
5
Let i(s) be the second derivative of s**4/12 + s**3/3 - s**2 - s. Let m be i(2). Let y = -49 - -97. Calculate the greatest common divisor of m and y.
6
Let w be ((-8)/(-28) + 10608/112)*7. Calculate the greatest common factor of w and 105.
35
Let i = 304 + -199. Suppose 2*n - x - 100 = 3*x, 2*n = 3*x + i. What is the greatest common divisor of 90 and n?
30
Let a be (10/6)/((-861)/108 + 8). Calculate the highest common divisor of 24 and a.
12
Suppose 3*z = 3*x + 285, -4*z + 307 = -x - 76. Let s be ((-1 - -5) + -3)*24. Calculate the highest common divisor of z and s.
24
Suppose -5*b + 2*b + 36 = 0. Let d(m) = -2*m**2 - 36*m + 18. Let o be -11 + -4 + (2 - (-15)/(-3)). Let f be d(o). What is the greatest common factor of b and f?
6
Let g = 1236 - -597. What is the highest common divisor of 94 and g?
47
Let g be (-2 + (-162)/12)*(1 - -13). Let h be (-10)/(-8) + -1 - g/28. What is the greatest common divisor of 32 and h?
8
Let u = 12 - -5. Suppose 2*k - u = -7. Suppose -k*z - 4 = -9*z. What is the highest common divisor of z and 8?
1
Let f(g) = 21*g - 84. Let p be f(7). Calculate the greatest common divisor of p and 14.
7
Suppose -f - 5*h = -7*h - 82, -5*f + 5*h = -390. Calculate the highest common factor of 333 and f.
37
Let n = -14 - -20. Let o = -6 + n. Suppose o*p + p = 3*q + 10, -5*q - 6 = p. Calculate the greatest common factor of p and 4.
4
Let s = 1126 + -1084. Calculate the highest common divisor of 18 and s.
6
Let r be 12/(-18) - (-4)/6. Suppose -3*n + 4*n = r. Suppose 4*y + n*d - 53 = -5*d, -9 = -2*y + d. Calculate the highest common divisor of y and 35.
7
Suppose 5*v - 5*i - 20 = 0, 7*v - 2 = 3*v - 3*i. Suppose -4*a = -v*q + 162, -5*a = 3*q - 0*a - 221. What is the greatest common factor of 11 and q?
11
Let q be (28/(-20) - -3) + 6/15. Let i be (15/(-10) - (-10)/4)*q. Calculate the highest common divisor of i and 22.
2
Let g = 11 + -9. Suppose g = -2*w + 8. Suppose -w*u - 3 = -72. Calculate the greatest common divisor of 92 and u.
23
Let w be 2 + -3 + 3 + 3. Suppose t = w*t - 24. Let c = -92 - -134. What is the highest common factor of t and c?
6
Suppose 0 = -7*y - 61 - 23. Let x be 16/(-6)*(2 - (-42)/y). What is the greatest common factor of x and 4?
4
Let w be -5 + 134 + 1/(-1). Let u = 263 - w. What is the highest common factor of 15 and u?
15
Suppose -3*o + 92 = 26. Let f = 42 + o. What is the greatest common divisor of 16 and f?
16
Suppose 0 = -5*f - 5*u + 7*u + 116, 0 = 2*f + 5*u - 58. Calculate the greatest common divisor of f and 192.
24
Let h = -81 + 129. Calculate the highest common divisor of h and 208.
16
Let n = 436 + -427. What is the greatest common divisor of n and 639?
9
Suppose 23*f - 55 = 18*f. Suppose -r - 5*i - f = -4*r, -3*r = -4*i - 16. Suppose j - 4*y = 32, r = 2*y - 6*y. Calculate the greatest common factor of 10 and j.
10
Let p = -243 + 427. What is the greatest common divisor of p and 8?
8
Suppose 59 = -6*d + 173. What is the highest common factor of d and 1064?
19
Suppose 0 = 2*v + 4*t, 0 = 2*v + 3*v + 2*t. Suppose -3*g = -v*g - 108. Suppose -3*l + g = 15. Calculate the greatest common factor of l and 14.
7
Suppose 0*x = -4*x - 272. Let z be x/12*-1 - (-3)/9. Suppose 0 = 4*g + t - 142, 1 = 4*g + 4*t - 135. Calculate the highest common factor of z and g.
6
Suppose l = -6 + 5. Let i(h) = -21*h - 1. Let c be i(l). Let x be 2*(-13)/2 + 63. What is the highest common divisor of x and c?
10
Let j be (807/(-269))/(2/(-126)*1). What is the greatest common factor of 441 and j?
63
Suppose -4*z - 3*g + 6 + 109 = 0, -g + 113 = 4*z. Suppose 2*i + 2*j = 7*j + 19, 2*i + 4*j = z. Calculate the greatest common factor of 48 and i.
12
Let j = -510 - -565. What is the highest common factor of 15 and j?
5
Suppose -4*s + 35 = -k, -4*s + 5*k = -9*s + 25. Let n = 133 - 92. Let p = -25 + n. What is the highest common factor of p and s?
8
Suppose -498*c + 484*c = -1260. Let w(g) = g**2 - 2*g + 3. Let d be w(-3). What is the highest common divisor of d and c?
18
Suppose -30 = -3*w - z, -w + 12 = 5*z + 2. Calculate the highest common divisor of w and 50.
10
Let p(n) = 71*n**2 - 2. Let c be p(-1). Let z = -50 + c. What is the highest common factor of z and 209?
19
Suppose 0 = -4*k - 3*j - 0 + 37, -k = -j - 11. What is the highest common factor of 1420 and k?
10
Suppose -9 + 25 = 2*w. Let n be (w/(-3))/(2/(-36)). Let q = n - 22. Calculate the highest common divisor of q and 286.
26
Let f(t) = 161*t**2 - 5*t + 4. Let q be f(1). What is the highest common factor of q and 40?
40
Suppose -960 = -4*k + 4*c, -59 = -k + 3*c + 191. What is the greatest common divisor of 94 and k?
47
Let s(r) be the second derivative of -r**5/20 - 2*r**4/3 - 7*r**3/6 + 8*r**2 + 4*r. Let g be s(-7). Calculate the highest common divisor of 112 and g.
16
Let h(v) = -8*v + 1. Let w be h(-2). Suppose 5*n - 4*n = 9. Let m(g) = 14*g - 7. Let r be m(n). Calculate the highest common divisor of w and r.
17
Let v = 407 + -239. Calculate the greatest common factor of 28 and v.
28
Let j be 1*(-162)/(-4)*4. Calculate the greatest common divisor of 135 and j.
27
Let a(y) be the second derivative of -y**4/12 + 8*y**3/3 + 29*y**2/2 - 14*y. Let r be a(16). What is the highest common factor of 87 and r?
29
Let d(x) = 2*x**3 - 5*x**2 - x. Let h be d(4). Let c = h - 31. Let a = 0 - -13. Calculate the highest common factor of a and c.
13
Let m be 64 - ((1 - 5) + -2). Calculate the highest common factor of m and 40.
10
Let m(j) = -574 + 0*j + j + 574 + 12*j. Let a(c) = c + 7. Let q be a(-5). Let n be m(q). Calculate the highest common divisor of 182 and n.
26
Suppose -w + 574 = 5*q, 576 = 5*q + w - 2*w. Suppose 0 = 2*f - 0*f - 4. Suppose -8 = -f*y + 38. What is the highest common divisor of y and q?
23
Let z be 16 - -1*(-8)/2. Let x be (-2 + 0)*1 + z. Let i(h) = -h**2 + 24*h. Let t be i(x). Calculate the greatest common factor of t and 20.
20
Suppose -4*o = 2*u - 176, -4*o + 8*o + 4*u = 172. Let h = -32 + o. Calculate the greatest common factor of h and 65.
13
Suppose -13 - 11 = -4*q. Suppose m + 5*n + 6 = 0, -m + 6*m + n + q = 0. Let v = 13 + m. Calculate the greatest common divisor of 18 and v.
6
Suppose -3*x + y = -124, -4*y - 92 = -2*x - y. Suppose -3*q - 2*l + 188 = 0, 5*l - 200 = -7*q + 4*q. What is the highest common factor of x and q?
20
Let u = 305 + -218. Let w = -53 + u. Calculate the greatest common factor of w and 374.
34
Let w(z) = -11*z + 7. Let f be w(-14). What is the greatest common factor of 7 and f?
7
Let j(i) = 3*i**2 + 4*i - 21. Let z be j(4). Suppose -4*u + 3*x = u - 1496, -5*u - 3*x = -1514. Calculate the highest common factor of u and z.
43
Suppose -3*v - 15 + 7 = 2*w, 2*v + 4 = -w. Suppose 20 = -2*o - 2*o, -4*b = -5*o + 167. Let t be 9/(w/(b/9)). Calculate the highest common divisor of t and 3.
3
Suppose -3*z + 11 = -2*r, 6*r + 3*z + 31 = 2*r. Let j = -4 - r. What is the highest common divisor of j and 3?
3
Let z(m) = m**2 + 5*m - 16. Suppose -5*o - 25 = 0, 2*h + 8 = -h + 5*o. Let c be z(h). Calculate the highest common divisor of c and 25.
25
Suppose 2*u + 5*b - 96 = -0*b, 5*b + 144 = 3*u. Let h(w) = w + 123. Let j be h(-3). Calculate the highest common divisor of j and u.
24
Suppose -3*j = -2*j - 168. Suppose -7*y = -3*y + j. Let v be 1842/21 - 12/y. What is the highest common divisor of 22 and v?
22
Suppose -3*j + 88 = 5*y, 3*y - 4*j = -6*j + 52. Suppose 0 = 4*l + 8, -l + 46 = 4*r - 4*l. What is the greatest common divisor of y and r?
10
Suppose 63 - 3 = 2*d. Let z be 33/(-3) + 18 - (3 + -2). Calculate the highest common factor of d and z.
6
Let t(b) = -b**3 + 5*b**2 - 4*b - 2. Let w be t(3). Suppose -w*v + 23 = -l - 16, -5*l - 8 = -3*v. What is the greatest common divisor of 88 and v?
11
Let k = 0 + 2. Let h = -10 - -13. Suppose -h*o + w + 21 = 0, 2*o + 3*w = k + 1. 